mmon factor of 1 and 23.
1
Calculate the highest common divisor of 15 and 795.
15
What is the highest common divisor of 2668 and 276?
92
What is the highest common divisor of 1107 and 27?
27
What is the greatest common divisor of 36 and 744?
12
Calculate the greatest common divisor of 87 and 551.
29
Calculate the highest common divisor of 11 and 1331.
11
Calculate the highest common divisor of 5334 and 42.
42
What is the greatest common factor of 6623 and 111?
37
Calculate the highest common divisor of 161 and 2553.
23
What is the highest common factor of 54253 and 239?
239
What is the highest common factor of 477 and 27?
9
What is the highest common divisor of 72 and 153?
9
What is the greatest common divisor of 28 and 11774?
14
Calculate the highest common factor of 7 and 8.
1
Calculate the highest common factor of 8784 and 144.
144
Calculate the greatest common divisor of 8694 and 486.
54
Calculate the highest common factor of 14 and 1799.
7
Calculate the greatest common divisor of 180 and 4300.
20
What is the highest common divisor of 20 and 8380?
20
What is the greatest common divisor of 10765 and 10?
5
Calculate the greatest common factor of 520 and 280.
40
What is the highest common divisor of 720 and 810?
90
What is the greatest common divisor of 76 and 532?
76
What is the highest common factor of 159 and 24?
3
What is the highest common factor of 11085 and 45?
15
What is the greatest common divisor of 125 and 1500?
125
Calculate the highest common factor of 78 and 208.
26
What is the greatest common factor of 600 and 4100?
100
What is the highest common factor of 109 and 218?
109
Calculate the highest common divisor of 42 and 238.
14
Calculate the greatest common factor of 180 and 1476.
36
Calculate the greatest common divisor of 36 and 4608.
36
Calculate the greatest common factor of 768 and 144.
48
Calculate the greatest common factor of 4719 and 484.
121
What is the greatest common factor of 3724 and 874?
38
Calculate the highest common divisor of 3672 and 27.
27
Calculate the greatest common divisor of 3262 and 322.
14
What is the greatest common divisor of 76 and 247?
19
What is the highest common divisor of 612 and 17?
17
Calculate the greatest common divisor of 29 and 35699.
29
What is the highest common divisor of 7150 and 50?
50
Calculate the greatest common factor of 62 and 341.
31
What is the highest common factor of 4963 and 63?
7
Calculate the highest common factor of 19 and 19.
19
Calculate the highest common divisor of 582 and 6208.
194
Calculate the greatest common divisor of 408 and 51.
51
Calculate the highest common divisor of 672 and 18.
6
Calculate the highest common factor of 485 and 200.
5
What is the highest common divisor of 705 and 45?
15
Calculate the greatest common factor of 1326 and 1950.
78
What is the greatest common divisor of 168 and 36?
12
What is the greatest common factor of 51 and 2669?
17
Calculate the greatest common factor of 137 and 22331.
137
Calculate the greatest common divisor of 490 and 175.
35
What is the highest common factor of 2780 and 20?
20
What is the highest common divisor of 4 and 382?
2
What is the greatest common factor of 1915 and 17618?
383
What is the highest common factor of 14161 and 35?
7
What is the highest common divisor of 7582 and 34?
34
Calculate the greatest common divisor of 412 and 309.
103
What is the greatest common divisor of 341 and 1643?
31
Calculate the greatest common divisor of 66 and 528.
66
What is the greatest common divisor of 70 and 3590?
10
What is the greatest common factor of 210 and 60?
30
What is the greatest common divisor of 2738 and 74?
74
Calculate the highest common factor of 141 and 9.
3
Calculate the greatest common divisor of 196 and 2597.
49
What is the greatest common factor of 42 and 602?
14
Calculate the greatest common factor of 110 and 10670.
110
What is the highest common factor of 56 and 168?
56
Calculate the greatest common factor of 957 and 33.
33
Calculate the highest common factor of 11736 and 72.
72
What is the highest common divisor of 27 and 243?
27
What is the highest common factor of 42 and 90?
6
Calculate the highest common factor of 172 and 12.
4
What is the highest common factor of 10 and 1415?
5
Calculate the highest common factor of 54 and 4635.
9
Calculate the highest common divisor of 441 and 126.
63
Calculate the highest common factor of 456 and 72.
24
Calculate the highest common divisor of 207 and 276.
69
Calculate the highest common factor of 368 and 32.
16
Calculate the greatest common divisor of 1 and 16.
1
What is the highest common divisor of 640 and 4460?
20
What is the greatest common divisor of 14 and 413?
7
Calculate the greatest common factor of 86 and 215.
43
What is the greatest common divisor of 3139 and 817?
43
Calculate the greatest common factor of 55 and 25.
5
What is the highest common factor of 18 and 234?
18
What is the greatest common divisor of 29 and 232?
29
What is the greatest common divisor of 480 and 30?
30
What is the greatest common divisor of 176 and 1144?
88
What is the highest common divisor of 72 and 104?
8
Calculate the greatest common divisor of 330 and 957.
33
Calculate the greatest common factor of 32 and 20.
4
What is the highest common divisor of 343 and 14?
7
Calculate the greatest common divisor of 64 and 112.
16
What is the highest common factor of 7 and 21?
7
Calculate the greatest common divisor of 84 and 294.
42
Calculate the greatest common factor of 825 and 30.
15
What is the greatest common factor of 286 and 416?
26
What is the highest common divisor of 9 and 81?
9
What is the greatest common factor of 6312 and 312?
24
Calculate the highest common factor of 204 and 646.
34
Calculate the greatest common divisor of 651 and 93.
93
Calculate the highest common divisor of 15 and 15.
15
Calculate the greatest common divisor of 15 and 510.
15
Calculate the greatest common factor of 232 and 1711.
29
Calculate the highest common divisor of 2365 and 1720.
215
What is the highest common factor of 504 and 70?
14
Calculate the highest common factor of 55 and 1375.
55
Calculate the greatest common factor of 60 and 384.
12
Calculate the highest common divisor of 3749 and 23.
23
What is the highest common factor of 62 and 14663?
31
Calculate the highest common factor of 31 and 1333.
31
Calculate the highest common divisor of 54 and 18.
18
Calculate the highest common factor of 72 and 96.
24
Calculate the highest common factor of 15 and 1635.
15
Calculate the highest common factor of 6966 and 688.
86
What is the highest common factor of 906 and 102?
6
What is the highest common divisor of 5 and 40?
5
Calculate the greatest common divisor of 10004 and 366.
122
Calculate the greatest common factor of 490 and 14.
14
What is the highest common divisor of 268 and 4?
4
What is the greatest common divisor of 39 and 78?
39
What is the highest common factor of 6 and 12?
6
Calculate the highest common divisor of 8 and 23136.
8
Calculate the greatest common factor of 943 and 41.
41
Calculate the highest common divisor of 48 and 21.
3
Calculate the highest common divisor of 10943 and 1059.
353
Calculate the highest common factor of 2808 and 2574.
234
What is the highest common factor of 2 and 1256?
2
What is the highest common divisor of 6 and 12?
6
What is the greatest common divisor of 494 and 1102?
38
What is the greatest common factor of 17 and 17?
17
Calculate the greatest common divisor of 8593 and 26.
13
Calculate the highest common factor of 2930 and 2.
2
Calculate the highest common divisor of 4847 and 37.
37
Calculate the highest common factor of 24 and 11208.
24
What is the highest common divisor of 2009 and 41?
41
What is the highest common factor of 396 and 88?
44
Calculate the greatest common divisor of 108 and 225.
9
Calculate the greatest common divisor of 6 and 2118.
6
What is the greatest common factor of 72 and 1260?
36
Calculate the greatest common factor of 88 and 99.
11
Calculate the greatest common divisor of 67648 and 32.
32
What is the greatest common factor of 78 and 2964?
78
Calculate the greatest common divisor of 114378 and 66.
66
What is the highest common divisor of 2363 and 17?
17
What is the greatest common divisor of 667 and 1127?
23
What is the highest c